{"id":13,"date":"2013-06-02T08:36:55","date_gmt":"2013-06-02T06:36:55","guid":{"rendered":"http:\/\/bethieshair.de\/studio\/?page_id=13"},"modified":"2022-02-14T13:04:35","modified_gmt":"2022-02-14T11:04:35","slug":"nagel","status":"publish","type":"page","link":"http:\/\/bethieshair.de\/studio\/nagel\/","title":{"rendered":"N\u00e4gel"},"content":{"rendered":"<p><strong>Naturnagelverst\u00e4rkung<\/strong><\/p>\n<p><img loading=\"lazy\" class=\"    alignright wp-image-540 size-medium\" src=\"http:\/\/bethieshair.de\/studio\/wp-content\/uploads\/hands-with-manicure-done-and-nail-care-tools-freepik-300x169.jpg\" alt=\"\" width=\"300\" height=\"169\" srcset=\"http:\/\/bethieshair.de\/studio\/wp-content\/uploads\/hands-with-manicure-done-and-nail-care-tools-freepik-300x169.jpg 300w, http:\/\/bethieshair.de\/studio\/wp-content\/uploads\/hands-with-manicure-done-and-nail-care-tools-freepik-1024x576.jpg 1024w, http:\/\/bethieshair.de\/studio\/wp-content\/uploads\/hands-with-manicure-done-and-nail-care-tools-freepik-768x432.jpg 768w, http:\/\/bethieshair.de\/studio\/wp-content\/uploads\/hands-with-manicure-done-and-nail-care-tools-freepik-1536x864.jpg 1536w, http:\/\/bethieshair.de\/studio\/wp-content\/uploads\/hands-with-manicure-done-and-nail-care-tools-freepik-2048x1152.jpg 2048w\" sizes=\"(max-width: 300px) 100vw, 300px\" \/><\/p>\n<p>Bei einer Naturnagelverst\u00e4rkung werden keine Fingern\u00e4gel verl\u00e4ngert oder sogenannte<\/p>\n<p>Nageltips angebracht, wie oftmals angenommen, sondern lediglich verst\u00e4rkt. Eine Nagelverst\u00e4rkung dient, wie der Name schon sagt, einer Verst\u00e4rkung Ihrer Naturn\u00e4gel.Sie werden dadurch robuster, widerstandsf\u00e4higer und halten dadurch einfach l\u00e4nger.Dabei gibt es verschiedene Modellagetechniken,&nbsp; Methoden und Materialien, eine Nagelverst\u00e4rkung durchzuf\u00fchren.<\/p>\n<h2><strong>Nagelverl\u00e4ngerung<\/strong><\/h2>\n<p>Bei der <b>Nagelverl\u00e4ngerung<\/b> bieten wir Ihnen zwei professionelle M\u00f6glichkeiten an.&nbsp; Sibel analysiert hierbei selbstverst\u00e4ndlich zun\u00e4chst einmal gemeinsam mit Ihnen die individuell zu Ihnen passende Behandlungsart:<\/p>\n<p><span style=\"text-decoration: underline;\"><b>Variante 1:<\/b><\/span> um den Nagel&nbsp; zu verl\u00e4ngern, wird bei dieser Variante ein Tip (Kunstnagel) verwendet.<br>Diese Kunstn\u00e4gel werden zus\u00e4tzlich mit Gel \u00fcberzogen. Selbstverst\u00e4ndlich legen wir sehr gro\u00dfen Wert darauf, dass Kunstn\u00e4gel absolut nat\u00fcrlich aussehen und eine 100% authentische Ausstrahlungskraft besitzen.<\/p>\n<p><span style=\"text-decoration: underline;\"><b>Variante 2:<\/b><\/span> Falls bei Ihren Naturn\u00e4geln eine ausreichende L\u00e4nge vorhanden ist, wird bei dieser Variante mit einer Schablone gearbeitet. Hierbei wird eine Schablone angebracht und der Naturnagel wird mit Gel oder Acryl auf der Schablone verl\u00e4ngert und modelliert. Selbstverst\u00e4ndlich garantieren wir Ihnen auch bei dieser Form der Nagelverl\u00e4ngerung ein faszinierend nat\u00fcrliches Aussehen, sowie h\u00f6chste Qualit\u00e4t bei Ihren N\u00e4geln.<\/p>\n\n\n<p><\/p>\n\n\n\n<h2>Gel oder Acryl-System<\/h2>\n\n\n\n<figure class=\"wp-block-table\"><table class=\"has-fixed-layout\"><tbody><tr><td>Nagelverl\u00e4ngerung inkl. French, Farbgel<\/td><td>49,&#8211; \u20ac<\/td><\/tr><tr><td>Naturnagelverst\u00e4rkung<\/td><td>35,&#8211; \u20ac<\/td><\/tr><tr><td>Auff\u00fcllen<\/td><td>45,&#8211; \u20ac<\/td><\/tr><\/tbody><\/table><\/figure>\n\n\n\n<h2>Klassische Manik\u00fcre<\/h2>\n\n\n\n<figure class=\"wp-block-table\"><table class=\"has-fixed-layout\"><tbody><tr><td>Nagelpflege, Peeling, Maske,<br>Handmassage, Klarlack<\/td><td>29,&#8211; \u20ac<\/td><\/tr><tr><td>Paraffinbad<\/td><td>8,&#8211; \u20ac<\/td><\/tr><\/tbody><\/table><\/figure>\n\n\n\n<h2>Abl\u00f6sen von Kunstn\u00e4geln<\/h2>\n\n\n\n<figure class=\"wp-block-table\"><table class=\"has-fixed-layout\"><tbody><tr><td>Abl\u00f6sen<\/td><td>15,&#8211; \u20ac<\/td><\/tr><tr><td>Abl\u00f6sen mit anschlie\u00dfender Manik\u00fcre<\/td><td>39,&#8211; \u20ac<\/td><\/tr><\/tbody><\/table><\/figure>\n\n\n\n<h2>Nail-Design<\/h2>\n\n\n\n<figure class=\"wp-block-table\"><table class=\"has-fixed-layout\"><tbody><tr><td>Hand- oder Airbrush-Design pro Nagel<\/td><td>ab 2,&#8211; \u20ac<\/td><\/tr><tr><td>Komplett<\/td><td>ab 15,&#8211; \u20ac<\/td><\/tr><\/tbody><\/table><\/figure>\n\n\n\n<h2>Klassische Fu\u00dfpflege<\/h2>\n\n\n\n<figure class=\"wp-block-table\"><table class=\"has-fixed-layout\"><tbody><tr><td>Fu\u00dfbad, feilen, \u00fcbersch\u00fcssige Haut entfernen, Peeling, Maske\u2013 Fu\u00dfmassage, lackieren<\/td><td>39,&#8211; \u20ac<\/td><\/tr><tr><td>Zehenmodellage mit Gel oder Shellack<\/td><td>30,&#8211; \u20ac<\/td><\/tr><\/tbody><\/table><\/figure>\n","protected":false},"excerpt":{"rendered":"<p>Naturnagelverst\u00e4rkung Bei einer Naturnagelverst\u00e4rkung werden keine Fingern\u00e4gel verl\u00e4ngert oder sogenannte Nageltips angebracht, wie oftmals angenommen, sondern lediglich verst\u00e4rkt. Eine Nagelverst\u00e4rkung dient, wie der Name schon sagt, einer Verst\u00e4rkung Ihrer Naturn\u00e4gel.Sie werden dadurch robuster, widerstandsf\u00e4higer und halten dadurch einfach l\u00e4nger.Dabei gibt es verschiedene Modellagetechniken,&nbsp; Methoden und Materialien, eine Nagelverst\u00e4rkung durchzuf\u00fchren. Nagelverl\u00e4ngerung Bei der Nagelverl\u00e4ngerung bieten wir [&hellip;]<\/p>\n","protected":false},"author":2,"featured_media":713,"parent":0,"menu_order":4,"comment_status":"closed","ping_status":"closed","template":"template-full-width.php","meta":[],"yoast_head":"<!-- This site is optimized with the Yoast SEO plugin v18.2 - https:\/\/yoast.com\/wordpress\/plugins\/seo\/ -->\n<title>N\u00e4gel - Bethies Hair &amp; Nails<\/title>\n<meta name=\"robots\" content=\"index, follow, max-snippet:-1, max-image-preview:large, max-video-preview:-1\" \/>\n<link rel=\"canonical\" href=\"http:\/\/bethieshair.de\/studio\/nagel\/\" \/>\n<meta property=\"og:locale\" content=\"de_DE\" \/>\n<meta property=\"og:type\" content=\"article\" \/>\n<meta property=\"og:title\" content=\"N\u00e4gel - Bethies Hair &amp; Nails\" \/>\n<meta property=\"og:description\" content=\"Naturnagelverst\u00e4rkung Bei einer Naturnagelverst\u00e4rkung werden keine Fingern\u00e4gel verl\u00e4ngert oder sogenannte Nageltips angebracht, wie oftmals angenommen, sondern lediglich verst\u00e4rkt. Eine Nagelverst\u00e4rkung dient, wie der Name schon sagt, einer Verst\u00e4rkung Ihrer Naturn\u00e4gel.Sie werden dadurch robuster, widerstandsf\u00e4higer und halten dadurch einfach l\u00e4nger.Dabei gibt es verschiedene Modellagetechniken,&nbsp; Methoden und Materialien, eine Nagelverst\u00e4rkung durchzuf\u00fchren. Nagelverl\u00e4ngerung Bei der Nagelverl\u00e4ngerung bieten wir [&hellip;]\" \/>\n<meta property=\"og:url\" content=\"http:\/\/bethieshair.de\/studio\/nagel\/\" \/>\n<meta property=\"og:site_name\" content=\"Bethies Hair &amp; Nails\" \/>\n<meta property=\"article:modified_time\" content=\"2022-02-14T11:04:35+00:00\" \/>\n<meta property=\"og:image\" content=\"http:\/\/bethieshair.de\/studio\/wp-content\/uploads\/nagelmodellage-bethie-1024x324.png\" \/>\n\t<meta property=\"og:image:width\" content=\"1024\" \/>\n\t<meta property=\"og:image:height\" content=\"324\" \/>\n\t<meta property=\"og:image:type\" content=\"image\/png\" \/>\n<meta name=\"twitter:card\" content=\"summary_large_image\" \/>\n<meta name=\"twitter:label1\" content=\"Gesch\u00e4tzte Lesezeit\" \/>\n\t<meta name=\"twitter:data1\" content=\"2\u00a0Minuten\" \/>\n<script type=\"application\/ld+json\" class=\"yoast-schema-graph\">{\"@context\":\"https:\/\/schema.org\",\"@graph\":[{\"@type\":\"WebSite\",\"@id\":\"http:\/\/bethieshair.de\/studio\/#website\",\"url\":\"http:\/\/bethieshair.de\/studio\/\",\"name\":\"Bethies Hair &amp; Nails\",\"description\":\"\",\"potentialAction\":[{\"@type\":\"SearchAction\",\"target\":{\"@type\":\"EntryPoint\",\"urlTemplate\":\"http:\/\/bethieshair.de\/studio\/?s={search_term_string}\"},\"query-input\":\"required name=search_term_string\"}],\"inLanguage\":\"de\"},{\"@type\":\"ImageObject\",\"@id\":\"http:\/\/bethieshair.de\/studio\/nagel\/#primaryimage\",\"inLanguage\":\"de\",\"url\":\"http:\/\/bethieshair.de\/studio\/wp-content\/uploads\/nagelmodellage-bethie.png\",\"contentUrl\":\"http:\/\/bethieshair.de\/studio\/wp-content\/uploads\/nagelmodellage-bethie.png\",\"width\":2500,\"height\":790},{\"@type\":\"WebPage\",\"@id\":\"http:\/\/bethieshair.de\/studio\/nagel\/#webpage\",\"url\":\"http:\/\/bethieshair.de\/studio\/nagel\/\",\"name\":\"N\u00e4gel - Bethies Hair &amp; Nails\",\"isPartOf\":{\"@id\":\"http:\/\/bethieshair.de\/studio\/#website\"},\"primaryImageOfPage\":{\"@id\":\"http:\/\/bethieshair.de\/studio\/nagel\/#primaryimage\"},\"datePublished\":\"2013-06-02T06:36:55+00:00\",\"dateModified\":\"2022-02-14T11:04:35+00:00\",\"breadcrumb\":{\"@id\":\"http:\/\/bethieshair.de\/studio\/nagel\/#breadcrumb\"},\"inLanguage\":\"de\",\"potentialAction\":[{\"@type\":\"ReadAction\",\"target\":[\"http:\/\/bethieshair.de\/studio\/nagel\/\"]}]},{\"@type\":\"BreadcrumbList\",\"@id\":\"http:\/\/bethieshair.de\/studio\/nagel\/#breadcrumb\",\"itemListElement\":[{\"@type\":\"ListItem\",\"position\":1,\"name\":\"Startseite\",\"item\":\"http:\/\/bethieshair.de\/studio\/\"},{\"@type\":\"ListItem\",\"position\":2,\"name\":\"N\u00e4gel\"}]}]}<\/script>\n<!-- \/ Yoast SEO plugin. -->","yoast_head_json":{"title":"N\u00e4gel - Bethies Hair &amp; Nails","robots":{"index":"index","follow":"follow","max-snippet":"max-snippet:-1","max-image-preview":"max-image-preview:large","max-video-preview":"max-video-preview:-1"},"canonical":"http:\/\/bethieshair.de\/studio\/nagel\/","og_locale":"de_DE","og_type":"article","og_title":"N\u00e4gel - Bethies Hair &amp; Nails","og_description":"Naturnagelverst\u00e4rkung Bei einer Naturnagelverst\u00e4rkung werden keine Fingern\u00e4gel verl\u00e4ngert oder sogenannte Nageltips angebracht, wie oftmals angenommen, sondern lediglich verst\u00e4rkt. Eine Nagelverst\u00e4rkung dient, wie der Name schon sagt, einer Verst\u00e4rkung Ihrer Naturn\u00e4gel.Sie werden dadurch robuster, widerstandsf\u00e4higer und halten dadurch einfach l\u00e4nger.Dabei gibt es verschiedene Modellagetechniken,&nbsp; Methoden und Materialien, eine Nagelverst\u00e4rkung durchzuf\u00fchren. Nagelverl\u00e4ngerung Bei der Nagelverl\u00e4ngerung bieten wir [&hellip;]","og_url":"http:\/\/bethieshair.de\/studio\/nagel\/","og_site_name":"Bethies Hair &amp; Nails","article_modified_time":"2022-02-14T11:04:35+00:00","og_image":[{"width":1024,"height":324,"url":"http:\/\/bethieshair.de\/studio\/wp-content\/uploads\/nagelmodellage-bethie-1024x324.png","type":"image\/png"}],"twitter_card":"summary_large_image","twitter_misc":{"Gesch\u00e4tzte Lesezeit":"2\u00a0Minuten"},"schema":{"@context":"https:\/\/schema.org","@graph":[{"@type":"WebSite","@id":"http:\/\/bethieshair.de\/studio\/#website","url":"http:\/\/bethieshair.de\/studio\/","name":"Bethies Hair &amp; Nails","description":"","potentialAction":[{"@type":"SearchAction","target":{"@type":"EntryPoint","urlTemplate":"http:\/\/bethieshair.de\/studio\/?s={search_term_string}"},"query-input":"required name=search_term_string"}],"inLanguage":"de"},{"@type":"ImageObject","@id":"http:\/\/bethieshair.de\/studio\/nagel\/#primaryimage","inLanguage":"de","url":"http:\/\/bethieshair.de\/studio\/wp-content\/uploads\/nagelmodellage-bethie.png","contentUrl":"http:\/\/bethieshair.de\/studio\/wp-content\/uploads\/nagelmodellage-bethie.png","width":2500,"height":790},{"@type":"WebPage","@id":"http:\/\/bethieshair.de\/studio\/nagel\/#webpage","url":"http:\/\/bethieshair.de\/studio\/nagel\/","name":"N\u00e4gel - Bethies Hair &amp; Nails","isPartOf":{"@id":"http:\/\/bethieshair.de\/studio\/#website"},"primaryImageOfPage":{"@id":"http:\/\/bethieshair.de\/studio\/nagel\/#primaryimage"},"datePublished":"2013-06-02T06:36:55+00:00","dateModified":"2022-02-14T11:04:35+00:00","breadcrumb":{"@id":"http:\/\/bethieshair.de\/studio\/nagel\/#breadcrumb"},"inLanguage":"de","potentialAction":[{"@type":"ReadAction","target":["http:\/\/bethieshair.de\/studio\/nagel\/"]}]},{"@type":"BreadcrumbList","@id":"http:\/\/bethieshair.de\/studio\/nagel\/#breadcrumb","itemListElement":[{"@type":"ListItem","position":1,"name":"Startseite","item":"http:\/\/bethieshair.de\/studio\/"},{"@type":"ListItem","position":2,"name":"N\u00e4gel"}]}]}},"_links":{"self":[{"href":"http:\/\/bethieshair.de\/studio\/wp-json\/wp\/v2\/pages\/13"}],"collection":[{"href":"http:\/\/bethieshair.de\/studio\/wp-json\/wp\/v2\/pages"}],"about":[{"href":"http:\/\/bethieshair.de\/studio\/wp-json\/wp\/v2\/types\/page"}],"author":[{"embeddable":true,"href":"http:\/\/bethieshair.de\/studio\/wp-json\/wp\/v2\/users\/2"}],"replies":[{"embeddable":true,"href":"http:\/\/bethieshair.de\/studio\/wp-json\/wp\/v2\/comments?post=13"}],"version-history":[{"count":26,"href":"http:\/\/bethieshair.de\/studio\/wp-json\/wp\/v2\/pages\/13\/revisions"}],"predecessor-version":[{"id":714,"href":"http:\/\/bethieshair.de\/studio\/wp-json\/wp\/v2\/pages\/13\/revisions\/714"}],"wp:featuredmedia":[{"embeddable":true,"href":"http:\/\/bethieshair.de\/studio\/wp-json\/wp\/v2\/media\/713"}],"wp:attachment":[{"href":"http:\/\/bethieshair.de\/studio\/wp-json\/wp\/v2\/media?parent=13"}],"curies":[{"name":"wp","href":"https:\/\/api.w.org\/{rel}","templated":true}]}}